f o.
23
Let h be 1*-1*(0 + 1). Let s(t) = -t**2 - 3*t - 2. Let j be s(-4). Let k = h - j. List the prime factors of k.
5
Let w(y) = -y**2 - 7*y + 1. Let i be w(-7). Suppose -u = -0*u + i. Let s = u - -7. List the prime factors of s.
2, 3
Let u(r) = 251*r**3 + r**2 - 4*r + 2. List the prime factors of u(1).
2, 5
Let u(c) = -7*c**2 - 11*c + 1. Let j(g) = -6*g**2 - 11*g + 1. Let f(m) = 6*j(m) - 5*u(m). What are the prime factors of f(-5)?
31
Let b(w) = w + 3. Let f be b(6). Suppose 2*a - 15 = f. What are the prime factors of a?
2, 3
Suppose -5*c + 2*y + 0*y + 53 = 0, 4*c - 47 = -3*y. What are the prime factors of c?
11
Suppose -3*y + 5*v = -349, -3*y + 7*y - v - 454 = 0. What are the prime factors of y?
113
Suppose -9*s = -5*s + 2*h - 158, h - 159 = -4*s. List the prime factors of s.
2, 5
Suppose 3*y - 8*y - 10 = 5*u, 3*u + 18 = y. Suppose -6*j - 3*n + 81 = -y*j, 5*n - 25 = 0. List the prime factors of j.
2, 11
Let z be (-3 - -3) + 1 + 29. Let j = 50 - z. What are the prime factors of j?
2, 5
Let c = -249 + 355. List the prime factors of c.
2, 53
Suppose -2*n + 4*n - 480 = 0. What are the prime factors of n?
2, 3, 5
Suppose -2*a - h = 2*h - 15, h + 15 = a. What are the prime factors of (-18)/a*(-12)/2?
3
Let a(g) = 6*g + g + 4*g**3 - 4*g**2 - 3*g - 5*g**3. Let v be a(-5). Suppose 0 - v = -c. List the prime factors of c.
5
Let d be (6/(-9))/((-8)/108). What are the prime factors of -1 - d/(-3 - 0)?
2
Suppose -5*i + 340 = 5*k, 0*k - 68 = -i + k. What are the prime factors of i?
2, 17
Suppose 15*j - 4715 = -8*j. What are the prime factors of j?
5, 41
Let f(q) = -q**3 + 5*q**2 + q - 7. What are the prime factors of f(-3)?
2, 31
Let p(k) be the first derivative of -k**2/2 - k + 3. List the prime factors of p(-6).
5
Let b(i) = -i + 6. List the prime factors of b(-7).
13
Let m(x) = -x**3 + 6*x**2 + x - 4. Let w be m(6). Suppose 3*b - 5*c - 13 = b, 4*b - w*c = 50. What are the prime factors of b?
2, 7
List the prime factors of (0 - 3/4)*(-237 - -33).
3, 17
Let q(j) = j**3 + 6*j**2 + 7*j + 5. Let x be q(-4). Suppose -10*f = -x*f - 4. List the prime factors of f.
2
Let r(v) = v**2 - 11*v - 8. List the prime factors of r(15).
2, 13
Suppose 7*i - 444 - 928 = 0. What are the prime factors of i?
2, 7
Let r(l) = l**2 - 11*l + 3. Let f(w) = -w + 1. Let o(y) = -4*f(y) + r(y). List the prime factors of o(8).
7
Let m(y) = y**2 - 5*y - 14. List the prime factors of m(13).
2, 3, 5
What are the prime factors of -5 + 8 + (-1 - -17)?
19
Let q(v) = -v + 5. Let y = 7 - 3. Let k be q(y). What are the prime factors of 92/16 + k/4?
2, 3
Let d be (-1)/4 - (-294)/56. Suppose 4*u + 5*c = 60, 0 = 3*u + 7*c - 2*c - 50. List the prime factors of 82/u + (-1)/d.
2
Let x be (-18)/(-30) + (-27)/(-5). What are the prime factors of 10/15 + 50/x?
3
Let i = 19 + -13. List the prime factors of i.
2, 3
Suppose 66 = f + f. Suppose l + 2*l = -z + f, -z + 53 = 5*l. What are the prime factors of l?
2, 5
Let d = 11 + -3. What are the prime factors of d?
2
Suppose 3*l - 28 = 4*l. Let t = l - -13. List the prime factors of ((-9)/t)/(1/5).
3
Let m be -1 + 3 - 0/(-1). Suppose 0 = 3*w + m*w - 20. List the prime factors of w.
2
Suppose 0*u + 4*u = -5*h - 66, u + 2*h + 18 = 0. List the prime factors of (-35)/u*(-132)/(-10).
3, 11
Let g(y) = y - 3*y - 2 + 4 - y. List the prime factors of g(-3).
11
Let x(v) = -19*v - 14. Let a(r) = -6*r - 5. Let h(y) = 7*a(y) - 2*x(y). What are the prime factors of h(-5)?
13
Let g(i) = -2*i**2 + i - 1. Let p(h) = 5*h**2 - 4*h + 4. Let r(q) = -7*g(q) - 2*p(q). Suppose 4*z + 1 = -7. What are the prime factors of r(z)?
13
Let n = -61 + 202. What are the prime factors of n?
3, 47
Let q(c) = c**2 + c - 1. What are the prime factors of q(3)?
11
Suppose 0 = -7*f + 6*f + 92. What are the prime factors of f?
2, 23
Let m(j) = -j**3 + 8*j**2 + 2. Let v be m(8). Let p = 11 + v. List the prime factors of p.
13
Let a(g) = 37*g**2 + 1. Let i be a(1). Suppose 3*t - 62 = 5*q - 6, 2*t - 4*q - i = 0. What are the prime factors of t?
17
Let c(y) = -y**3 - 7*y**2 - 6*y + 5. Let l be c(-6). Suppose -p - 5 = z + 2*p, z = -l*p - 13. What are the prime factors of z?
7
Let z(n) = 5*n**3 + 4*n**2 - 5*n - 8. What are the prime factors of z(4)?
2, 89
Let j(k) = 2*k + 4. Suppose 2*s = 6 + 6. Let m be j(s). Suppose 2 = 2*r - m. What are the prime factors of r?
3
Let l = -21 + 32. What are the prime factors of l?
11
Suppose 0 = -3*g - 5*w + 3, 5*w = -5*g + 9 + 6. Let b = -2 - g. Let c = b - -15. List the prime factors of c.
7
Suppose 2*g + 0 - 2 = 0. Let z be 1*0/g - -9. Let x = z - 3. What are the prime factors of x?
2, 3
Let v(f) = -f**2 + 12 + 4*f - 4*f + 0*f**2. List the prime factors of v(0).
2, 3
Suppose 0 = 2*u - 4*m - 414, -149 + 587 = 2*u + 2*m. List the prime factors of u.
5, 43
Let w be 8/(-40) - 212/(-10). Let s = -9 + w. List the prime factors of s.
2, 3
Let g(h) = -h**3 + 2*h**2 + 2. Let t be g(2). Suppose 2*j = -3*j - 10, -t*j - 4 = -2*a. Suppose 4 = o - a*o. List the prime factors of o.
2
Let f be (3/2)/((-27)/36). List the prime factors of 71/4 - f/8.
2, 3
Let f(y) = -46*y - 25. List the prime factors of f(-4).
3, 53
Suppose 3*j = 2*j + 8. Suppose j = 5*z - 27. Suppose z*y - 24 = 3*y. What are the prime factors of y?
2, 3
Let p(y) = -y**2 + 6*y - 3. Let h be p(2). Suppose -a + 3 = h*l, -5*l + 42 = 4*a - 0*a. What are the prime factors of a?
13
Suppose 0 = 3*z + 5*l - 155, 9*z - 3*l = 7*z + 78. List the prime factors of z.
3, 5
Suppose 0 = -2*x - x + 9. Let i(m) = -m**3 + 3*m**2 - 2*m + 4. Let y be i(x). List the prime factors of (-1)/((-13)/6 - y).
2, 3
Let x = -17 - 115. Let d(s) = -s - 1. Let m be d(6). What are the prime factors of 2/m + x/(-21)?
2, 3
Let k be 8/3 - (-6)/(-9). Suppose k*n + 28 = 6*n. What are the prime factors of n?
7
Let p(f) = -f**3 - 3*f**2 + 3*f - 1. Let w be p(-4). Let a be (1*-18)/(-5 + w). Suppose u + 2*u = a. What are the prime factors of u?
3
Suppose y - 3 = 0, 0 = 5*j - 2*j + 2*y - 6. Suppose x - 1 - 10 = j. What are the prime factors of x?
11
Suppose -3*w + 60 = -78. Let v be -1*(-11)/1*2. Suppose -2*a = s - v, -2*a + 6*a + w = 3*s. List the prime factors of s.
2, 3
Let m(l) = -7*l**2 + 2*l - 22. Let f(s) = 3*s**2 - s + 11. Let t(u) = -5*f(u) - 2*m(u). Let q be t(0). Let x = q - -22. List the prime factors of x.
11
Let y = 21 + -15. What are the prime factors of (-938)/(-21) - 4/y?
2, 11
Let t(h) = -h**2 + 8*h + 3. Let m = -1 - -6. What are the prime factors of t(m)?
2, 3
Let q = -25 - -39. List the prime factors of 1/(-2) - (-119)/q.
2
Let d(n) = 2*n - n - 4*n - 3. Let h be d(-2). Suppose 0 + h = -3*v, -30 = -5*o + 5*v. List the prime factors of o.
5
Let r(l) = 3*l**2 + 4*l + 3. What are the prime factors of r(-2)?
7
Suppose 0 = -23*i + 24*i - 95. What are the prime factors of i?
5, 19
Let w = 8 - 3. Suppose 4*x - 2*x - w*r - 15 = 0, -27 = -2*x + r. Suppose b + 4 = x. What are the prime factors of b?
11
Let m = 36 - 27. What are the prime factors of m?
3
Suppose -7*q + 12 = -3*q. Suppose 0 = k - 7 - q. Let j = 21 - k. What are the prime factors of j?
11
Suppose 3*s + 6 = -0. Let l be (16/10)/(s/(-5)). What are the prime factors of ((-10)/(-8))/(l/16)?
5
Let x(v) = v**3 - 15*v**2 - 13*v + 2. List the prime factors of x(16).
2, 5
What are the prime factors of ((-1)/(-2))/((-4)/(-168))?
3, 7
Let b be (-11)/(-2 - (-1 + 0)). Let s = -7 + b. Suppose 5*v + 3*i - 60 = s*i, 0 = 3*v - 5*i - 58. What are the prime factors of v?
11
Let j(q) = q**3 + 9*q**2 - 8*q - 12. List the prime factors of j(-6).
2, 3
Let a = 11 + -28. Let r = -10 + 0. Let s = r - a. What are the prime factors of s?
7
Suppose 5*g - 152 = d + 47, -211 = -5*g + 4*d. List the prime factors of g.
3, 13
Let w be 8/52 - (-56)/(-26). List the prime factors of w/(2/32*-2).
2
Let z(n) = n**3 - 10*n**2 - 11*n. Let f be z(11). Let b(y) = -y**2 + 49. List the prime factors of b(f).
7
Let h(i) = i**2 + 2*i + 18. What are the prime factors of h(-9)?
3
Let p(f) = -38*f + 5. List the prime factors of p(-2).
3
Let y(m) = 4*m**2 - 2. Suppose 0 = -i - 2 + 7. Suppose i*s + 10 = -5*c - 25, 11 = -3*c - s. List the prime factors of y(c).
2, 7
Let i(v) = -2*v + 1. Let l be i(1). Let c(a) = -a**3 + 12*a**2 + 1. Let x be c(12). Let k = x - l. List the prime factors of k.
2
Suppose 0 = 2*d + 6, b + 4*d = 3*b - 6. Let